).
-12
Let c(j) = 79046*j - 8616005. Give c(109).
9
Let z(l) = 64*l**3 + 39*l**2 - 60*l - 89. What is z(-4)?
-3321
Let n(p) = 912*p - 8651. Calculate n(9).
-443
Let n(g) = 73*g**2 - 514*g + 408. Determine n(6).
-48
Let v(y) = y**3 + 3*y**2 - 10550*y + 93961. Give v(9).
-17
Let z(x) = -5546*x - 1630440. Calculate z(-294).
84
Let r(j) = j**3 - 15*j**2 - 45*j + 984. Calculate r(12).
12
Let o(r) = -5*r**3 - 339*r**2 - 1508*r + 492. Give o(-63).
240
Let d(c) = 61*c**3 - 2868*c**2 + 94*c - 2205. Determine d(47).
4
Let b(z) = 627*z**2 + 3719*z - 24. Give b(-6).
234
Let f(j) = 22*j + 4286. Calculate f(-83).
2460
Let g(c) = -5157*c + 4042. Determine g(1).
-1115
Let w(q) = 2*q**3 - 46*q**2 + 6*q + 178. Calculate w(23).
316
Let t(a) = 136*a**3 - 9521*a**2 + 65*a + 338. Determine t(70).
-12
Let w(k) = -13*k**2 - 563764*k + 1127527. Determine w(2).
-53
Let q(j) = 742*j - 14044. Calculate q(19).
54
Let y(l) = -585*l + 124596. Determine y(213).
-9
Let p(h) = -66286*h + 464000. Determine p(7).
-2
Let p(m) = 164217*m - 328398. Give p(2).
36
Let h(p) = -332*p**2 - 9602*p + 749. Determine h(-29).
-5
Let b(o) = -946238*o + 6623627. Determine b(7).
-39
Let x(d) = -50*d + 2145. Calculate x(43).
-5
Let w(n) = -612*n + 1612. Give w(3).
-224
Let g(z) = z**3 - 16*z**2 + 18*z - 84. Calculate g(8).
-452
Let g(h) = h**3 - 13*h**2 - 563*h + 6881. Determine g(12).
-19
Let g(h) = -h**3 - 68*h**2 - 126*h + 501. What is g(-66)?
105
Let u(y) = 19270*y - 173415. Give u(9).
15
Let z(c) = 1039*c + 76902. Determine z(-74).
16
Let j(r) = -2*r**3 - 4*r**2 - 1898*r - 5704. Give j(-3).
8
Let x(s) = -14682*s - 117425. What is x(-8)?
31
Let q(r) = -11898*r + 475919. Calculate q(40).
-1
Let c(w) = w**2 + 956*w + 64421. Calculate c(-73).
-38
Let g(z) = 365*z - 5647. Determine g(15).
-172
Let z(w) = -10869*w - 554345. Calculate z(-51).
-26
Let a(v) = -v**2 - 390*v - 408. Calculate a(-1).
-19
Let l(o) = 136343*o - 681731. What is l(5)?
-16
Let c(r) = 58*r + 5240. Determine c(-90).
20
Let r(a) = -5*a**2 - 6*a + 917. Give r(-15).
-118
Let s(t) = -t**2 - 43*t + 5232. Calculate s(-97).
-6
Let c(o) = -110*o**2 + 9004*o + 19824. Calculate c(84).
0
Let a(f) = -54319*f + 923491. Calculate a(17).
68
Let d(z) = -2005*z + 421056. Calculate d(210).
6
Let m(g) = 2*g**2 - 40207*g - 402259. What is m(-10)?
11
Let b(y) = 6*y**3 - 609*y**2 + 730*y + 17015. Give b(100).
15
Let g(w) = -27263*w - 27277. Calculate g(-1).
-14
Let y(x) = 2*x**3 - 55*x**2 + 4548*x - 128140. What is y(28)?
-12
Let u(l) = -8213*l - 82061. Calculate u(-10).
69
Let i(h) = -7*h**2 + 2192*h + 601965. Calculate i(489).
6
Let z(t) = 84*t**2 - 1105*t - 55027. Give z(33).
-16
Let k(i) = i**3 + 171*i**2 + 625*i + 106880. Give k(-171).
5
Let p(c) = -1416*c + 18059. What is p(13)?
-349
Let s(u) = -185*u + 29384. Calculate s(163).
-771
Let w(j) = 4598*j - 2367977. Give w(515).
-7
Let z(v) = 31395*v + 2605822. What is z(-83)?
37
Let v(b) = 490233*b - 3431645. Calculate v(7).
-14
Let u(o) = -o**2 - 635*o + 33256. Give u(54).
-3950
Let h(o) = 176639*o - 14. Give h(0).
-14
Let i(v) = 14*v**2 + 1004*v + 7398. Calculate i(-63).
-288
Let o(j) = 3742*j + 516943. What is o(-138)?
547
Let z(x) = -2076*x - 79238. Calculate z(-39).
1726
Let i(c) = c**3 + 17*c**2 + 231*c + 3395. Determine i(-16).
-45
Let h(u) = u**3 - 37*u**2 - 434*u - 1694. What is h(47)?
-2
Let q(x) = -7*x**2 + 90*x + 1389. Determine q(-9).
12
Let w(z) = -z**3 + 8233*z**2 + 57679*z - 6. Determine w(-7).
1
Let m(j) = 2*j**3 + 216*j**2 + 2782*j + 108. Determine m(-93).
852
Let n(h) = 244*h + 1202. Give n(-8).
-750
Let m(f) = f**2 - 7307*f + 43820. Calculate m(6).
14
Let v(g) = 77*g - 2767. Give v(35).
-72
Let l(p) = -p**2 - 909*p - 158796. Calculate l(-236).
32
Let g(h) = 2595*h - 539738. Give g(208).
22
Let c(v) = 80*v + 9791. Calculate c(-87).
2831
Let z(i) = -18*i**2 + 1639*i + 226. Give z(90).
1936
Let p(q) = q**2 - 587*q - 28640. Give p(-45).
-200
Let y(d) = 2043*d + 29933. Determine y(-15).
-712
Let y(r) = -38*r**2 - 77*r + 561. Give y(3).
-12
Let k(d) = d**3 + 28*d**2 + 3571*d + 108918. Give k(-30).
-12
Let g(u) = -7*u**3 + 175*u**2 - 602*u + 278. Determine g(21).
-16
Let f(n) = 6754*n + 47263. Calculate f(-7).
-15
Let n(y) = 135*y**2 + 25516*y + 279. Calculate n(-189).
90
Let q(y) = -y**3 - 130*y**2 + 1598*y - 3126. Determine q(9).
-3
Let h(b) = 6*b**3 + 20*b**2 - 94*b + 179. What is h(8)?
3779
Let h(c) = 1100*c**2 - 20891*c - 85. Give h(19).
86
Let d(t) = t**2 - 7354*t - 400030. What is d(-54)?
2
Let k(h) = -86*h + 2930. Determine k(32).
178
Let h(y) = 3*y**2 - 571*y + 1452. Determine h(187).
-418
Let w(x) = 4*x**3 - 1381*x**2 + 460*x - 39682. Calculate w(345).
-7
Let j(l) = -4*l**2 + 737*l - 13. Calculate j(0).
-13
Let g(u) = -u**3 - 429*u**2 + 1702*u - 13002. Determine g(-433).
-12
Let t(v) = 20*v**2 - 296*v + 1605. Calculate t(7).
513
Let q(u) = 153*u**3 - 2*u**2 + 470*u + 948. Determine q(-2).
-1224
Let c(z) = -z**3 - 29*z**2 + 859*z + 17078. Calculate c(-16).
6
Let d(m) = 110658*m - 1438575. Determine d(13).
-21
Let j(g) = -337*g - 4326. Calculate j(-13).
55
Let t(k) = k**3 + 102*k**2 + 4207*k + 443939. Give t(-103).
9
Let o(b) = -51059*b + 459572. Calculate o(9).
41
Let q(d) = -d**3 - 4*d**2 + 19*d + 123. What is q(-7)?
137
Let b(w) = 1881*w - 116613. Calculate b(62).
9
Let r(w) = -178*w**2 + 2*w + 137. Give r(-4).
-2719
Let x(r) = r**3 + 285*r**2 - 2063*r - 5505. Calculate x(-292).
43
Let b(f) = -f**3 + 116*f**2 - 3085*f + 573. Give b(41).
163
Let k(z) = -17*z**2 - 192*z + 12411. Determine k(22).
-41
Let m(r) = -7191*r + 855649. Determine m(119).
-80
Let d(f) = 5*f**3 - 4*f**2 - 27*f + 106. Give d(5).
496
Let r(h) = -6*h**3 + 323*h**2 + 61*h + 53. Calculate r(54).
431
Let c(d) = -d**3 + 8*d**2 + 136*d + 282. What is c(-7)?
65
Let u(j) = j**3 - 267*j**2 - 24405*j + 207. Determine u(-72).
-9
Let m(p) = -p**3 + 3*p**2 - 56917*p - 227787. What is m(-4)?
-7
Let d(p) = -3*p**3 + 387*p**2 - 1645*p + 18093. Determine d(125).
-32
Let q(y) = -y**2 + 338*y - 12370. Calculate q(42).
62
Let g(f) = 18036*f - 89608. Determine g(5).
572
Let a(p) = 3*p**3 - 1814*p**2 + 1213*p - 2745. Give a(604).
275
Let x(u) = -5*u**2 - 1699*u - 7990. Calculate x(-335).
50
Let f(o) = o**2 + 2602*o - 951107. Give f(325).
168
Let t(x) = 21013*x - 42106. Determine t(2).
-80
Let g(s) = 3*s**3 - 189*s**2 - 203*s + 783. Calculate g(64).
79
Let y(f) = 22220*f - 2999649. Determine y(135).
51
Let s(n) = 18834*n + 18542. What is s(-1)?
-292
Let x(g) = 33*g**3 - 858*g**2 - 12*g + 387. Calculate x(26).
75
Let k(g) = -10*g**2 - 79592*g + 79592. Give k(1).
-10
Let g(s) = -2847797*s + 2847805. Determine g(1).
8
Let z(g) = g**2 + 275*g + 9324. Determine z(-42).
-462
Let d(t) = t**3 + 11*t**2 + 521*t + 6407. What is d(-12)?
11
Let z(i) = -2040*i - 20280. Determine z(-10).
120
Let c(n) = -25*n**3 - 150*n**2 - 13*n - 3. Determine c(-5).
-563
Let y(b) = 126961*b + 761921. What is y(-6)?
155
Let d(j) = -350*j + 6912. Give d(19).
262
Let n(g) = 1285*g - 96322. Calculate n(75).
53
Let b(q) = 3191574*q - 3191567. Give b(1).
7
Let q(v) = -v**3 - 12*v**2 - 193*v - 2327. What is q(-12)?
-11
Let h(a) = -a**2 - 104*a - 78. What is h(-103)?
25
Let h(y) = -33*y**2 + 1227*y + 8573. Give h(-6).
23
Let u(g) = 3*g**2 - 169*g - 3540. Give u(-18).
474
Let s(j) = -469*j**2 + 42727*j - 4356. What is s(91)?
12
Let u(r) = 2*r**2 - 766*r + 29245. What is u(43)?
5
Let p(s) = 38*s**2 - 3337*s - 37926. What is p(98)?
0
Let y(c) = -23481*c - 70578. Give y(-3).
-135
Let j(s) = -s**3 - 61*s**2 - 164*s - 331. Give j(-59).
2383
Let n(i) = -287*i + 7596. Calculate n(25).
421
Let u(k) = -k**3 + 324*k**2 + 4374*k + 2365. Give u(337).
6
Let u(n) = 15*n**3 - 115*n**2 - 76*n + 279. Determine u(8).
-9
Let o(y) = -2*y**3 - 14*y**2 + 33*y + 99. What is o(-5)?
-166
Let m(w) = 4480*w - 40925. Give m(9).
-605
Let j(w) = -634*w + 4386. What is j(3)?
2484
Let g(n) = -82488*n + 1319805. Calculate g(16).
-3
Let c(f) = -2*f**3 - f**2 + 990*f - 5919. Give c(6).
-447
Let s(h) = -11*h + 594. Calculate s(26).
308
Let j(m) = m**3 - 514*m**2 - 1483*m + 181. Determine j(-3).
-23
Let f(o) = -61*o**2 + 52*o + 217. Calculate f(-4).
-967
Let n(m) = 3*m**2 - 1435*m + 171503. Give n(233).
15
Let k(s) = s**3 - 983*s**2 + 59671*s - 19. What is k(65)?
46
Let g(p) = -21*p**2 - 274*p - 